+ -1 - -5)?
-5
Evaluate 3 - (4 + -3 + 0) - -1.
3
Evaluate -6 - (-3 + -8 + 9).
-4
2 + (-2 - 3) - 2
-5
Calculate 10 + (3 - 6) - 12.
-5
Evaluate 3 + (1 - 1) - 0.
3
What is -6 + 11 + (1 - 6)?
0
Calculate -1 - ((9 - 4) + -1).
-5
8 + (-1 + 5 - 8)
4
What is the value of (7 - (-5 + 9)) + -1 - 3?
-1
What is the value of 8 - 0 - 12 - -2?
-2
What is the value of 6 + (-3 - (9 + -6))?
0
Evaluate -8 - -6 - (2 + 2).
-6
Evaluate 0 - (2 + 3 + 0).
-5
Calculate -4 - -2 - -4 - -1.
3
Calculate -7 + (3 - -2) + 0.
-2
Calculate -7 + -6 + 2 + 21 - 5.
5
Evaluate -1 + 11 + -6 + 2.
6
What is (6 - 1) + (1 - 6) - -4?
4
Evaluate 1 + (-4 + -7 - -6).
-4
What is the value of -2 + 5 + -5 - 1?
-3
What is the value of 0 + 5 + (-3 - 1)?
1
What is the value of -2 + 1 - (3 + -7)?
3
Evaluate (0 - -3) + (3 + 2 - 3).
5
What is the value of (-5 - -4) + 8 + -6 + 0?
1
Calculate -15 + 9 + 0 + 8.
2
-5 + 17 + -4 - 11
-3
-1 - (4 + -9 + 2)
2
Evaluate 8 - 4 - 3 - -2.
3
Evaluate -2 + -3 + -3 + 0 - -3.
-5
What is the value of 5 + 1 - (-13 - -18)?
1
Evaluate 6 + (-11 - -8) + 1.
4
What is -6 - (-3 + 3 - 1)?
-5
(-2 - 0) + -2 + 114 + -105
5
What is the value of (-1 + 2 - (0 - -1)) + -4?
-4
What is the value of 161 + -154 - (0 + -2 + 1)?
8
Evaluate -7 + 2 - (-11 + 1).
5
Evaluate -8 + 14 + -4 + -2 - -2.
2
Calculate -8 + 7 + (-9 - -5 - 0).
-5
What is the value of -6 + 2 + 1 + 8 + -5?
0
13 - (12 - (-2 - -5))
4
Evaluate (14 - 19 - (-1 - 2)) + -5.
-7
(8 - (-9 + 19)) + 1
-1
What is 3 - 8 - (-3 + (5 - 2))?
-5
Calculate -1 - 6 - (40 + -46).
-1
What is (1 - -6) + (-84 - -77)?
0
Evaluate -2 - -1 - (-8 - (-11 - -6)).
2
Calculate 6 - (2 - 0) - (6 + 3).
-5
Calculate -52 + 50 - (2 + -11).
7
0 - (9 + 1) - (107 - 112)
-5
What is the value of 1 - -4 - (15 - (-6 + 15))?
-1
Calculate (14 - 9) + 1 + -3.
3
What is the value of -5 - (-1 - 8) - 0?
4
Evaluate -3 + 0 + 1 + -1 + 2.
-1
What is the value of 7 + 3 + -5 - -3?
8
What is -9 - -9 - (1 - 4)?
3
What is -3 - -6 - (-1 + -4 - -9)?
-1
Calculate -1 + 0 - (-31 - -32).
-2
What is the value of 0 - (-9 - (1 + -6))?
4
What is the value of -1 + -7 - (-2 - 9)?
3
Calculate (-3 + 1 - 0) + 1.
-1
Evaluate (1 - 3) + 5 + -1.
2
What is 10 + (-11 - 1 - -4 - -3)?
5
-5 - -3 - 1 - -3
0
Evaluate -5 + 5 + -2 + 2.
0
Calculate (-1 - 2) + 13 + -12.
-2
Calculate 10 + (-19 + 6 - 0).
-3
What is -1 + 1 - (-1 + 2 + 0)?
-1
Calculate -4 + (-5 - -5) - -1 - -5.
2
What is 4 + (1 - -3 - 5)?
3
1 + -1 + (7 - 6)
1
What is 1 + 5 + -3 - -2?
5
What is the value of -131 - -129 - (-7 - (-2 - -3))?
6
What is the value of -2 - -17 - (95 + -91)?
11
Calculate -8 - -5 - (6 - 12).
3
-6 + -8 - -11 - -4
1
What is the value of -1 - (2 - (1 + 0)) - -5?
3
What is (-3 - 2) + 8 + (5 - 12)?
-4
Calculate -3 + -7 + 16 + -5.
1
1 + 1 + -1 - 5
-4
What is the value of -6 + -4 + (7 - 2)?
-5
Evaluate 5 + (3 - 3 - 2 - 6).
-3
(-12 - -6) + 5 - (-1 + 1)
-1
Evaluate 5 + 2 - 6 - (-2 - -1).
2
Calculate (0 - (0 + -2)) + 113 + -111.
4
Evaluate -3 - (-6 + (13 - 9)).
-1
What is the value of 5 + (1 - 0) + -6?
0
Calculate (-11 - -14 - 6) + -2.
-5
What is (-6 - (7 - 13)) + -5?
-5
What is the value of (6 - (2 + (7 - 7))) + -1?
3
Calculate 3 + -4 + 4 + -2 + 2.
3
What is (-3 - 1) + -1 + 0?
-5
0 + (2 - 10) + 10
2
What is (4 - (-2 + 4 + -2)) + -6?
-2
What is the value of -2 + (3 - (0 + 4 - 8))?
5
What is the value of 4 + 3 + (1 - 4) + -5?
-1
Calculate (4 - 11) + (3 - 6).
-10
What is the value of 2 + 0 - (8 - 3)?
-3
What is the value of (7 - (-6 + 6)) + -14?
-7
Evaluate 0 + (3 - (-1 - -2)) - 4.
-2
Evaluate 4 + 2 + -8 + 5 + 6.
9
What is the value of (0 - -2) + 11 + -13?
0
What is the value of -3 + (15 - 8) - 2?
2
Calculate 12 - (19 - 5) - (7 + -1).
-8
10 - (-6 - -6 - -8)
2
-3 + 4 + (-3 - -5) + -1
2
What is -3 + 0 + 3 + (-2 - 2)?
-4
What is -14 - (-3 + -8 - 14)?
11
Evaluate -13 + 7 - (-6 - 0).
0
(21 - (5 - -9)) + 4
11
1 - (2 + -2 + 4 + 0)
-3
4 + (-1 + -5 - (0 + -4))
2
Calculate 9 - (6 - 2) - 7.
-2
What is (5 - ((4 - 2) + 3)) + 4?
4
What is the value of 0 - ((-4 - -4) + -2 + 4)?
-2
Calculate -4 - (-2 + 6 - 4).
-4
84 - 75 - (2 - (-3 - -2))
6
Calculate -4 - -3 - (-7 - -2).
4
1 - (17 + -9 - (4 + -1))
-4
(1 - 1 - (0 - -1)) + -1
-2
What is 2 + -2 - (-2 + -2)?
4
-1 + -9 + -2 - (4 + -11)
-5
Calculate 4 + (0 - 1 - 6).
-3
5 + -3 - -3 - (8 + 3)
-6
Calculate 2 + -2 + (8 - 5 - 5).
-2
What is the value of -3 - (20 - 9 - 14)?
0
Evaluate 7 + -24 + 17 + -1 + 7.
6
What is (-8 - -7 - 1) + 6?
4
(0 - 2) + (10 - 10)
-2
What is the value of 6 + -14 + 5 + -3?
-6
Calculate -21 + (-6 - (-20 - -2)).
-9
What is the value of -10 + -4 + 4 + 11?
1
What is 4 + 0 + -17 + 13?
0
What is the value of (0 - 1) + 1 + (-94 - -98)?
4
Evaluate (-4 - 1 - -5) + 0 + 3.
3
What is the value of -12 + 9 - (1 - 1)?
-3
1 - -2 - (0 + -1) - 0
4
Evaluate 4 + -3 + 4 + -1 + 0.
4
What is 2 + (-11 - -10) + -4?
-3
What is -1 + 0 + 5 - (-14 + 13)?
5
Calculate (-4 - -4 - (-4 - -1)) + -1.
2
1 + (2 - -6 - 4)
5
-2 - -1 - (-8 + (3 - -8))
-4
What is the value of 7 - 4 - 7 - -2?
-2
What is the value of 0 + -10 + 1 - -15?
6
What is the value of (-5 - 0 - -5) + -4?
-4
7 + (8 - 12) + -8
-5
What is 0 + -2 + -9 - -5?
-6
Calculate 4 + (-5 + 4 - 2).
1
Calculate 3 + -8 + 7 + -7.
-5
Evaluate -10 + 10 + 7 - (9 + -1).
-1
What is -2 + 1 - 0 - 0?
-1
What is the value of 8 + -1 + (5 - (2 + 18))?
-8
What is the value of 2 - (-5 - 4 - -4)?
7
-1 + 2 + 13 + -11
3
What is the value of (10 - -1) + -35 + 29?
5
Calculate (-1 - -5) + (3 - 5).
2
-3 + (0 - -5) + -5
-3
Evaluate 0 + -2 + (2 - -1 - -2).
3
What is the value of 6 - (-8 + (7 - 5)) - 7?
5
4 + 3 - (8 + 3)
-4
-4 - ((4 - 3) + -2) - -6
3
Evaluate 0 + -17 - (-125 - -114).
-6
What is 2 + 5 + 1 + -3?
5
Calculate (-3 - -4) + -3 + 5.
3
What is the value of 31 + -31 + -1 + -1?
-2
2 + 2 - (21 + -14)
-3
0 - (-4 + 3 - -4)
-3
What is the value of -2 + 8 + (-3 - -1)?
4
Evaluate -1 + (2 - 0) + 2 - -1.
4
Calculate 1 + 2 + 3 + -8.
-2
What is (2 - 3 - -5) + 0 + -5?
-1
What is (3 - (-3 - -12)) + (9 - 7)?
-4
Evaluate -1 + 3 - (14 + -18) - 1.
5
1 + -1 + 6 + (-2 - 6)
-2
Calculate 3 + 3 + 3 + -1 - 4.
4
What is 2 - -1 - -5 - 13?
-5
(-11 - -2) + 11 + 6
8
What is 1 + (-3 - 3) + -2?
-7
What is -1 + (2 - (2 - 0))?
-1
What is the value of -1 + (8 - (15 - 8 - -9))?
-9
What is the value of 3 + (1 - 4) + -2?
-2
Evaluate -1 - (3 - 3 - -3 - 1).
-3
Calculate -8 + (-7 - 5) + 23.
3
What is the value of 5 + -2 + -2 + 2 - -1?
4
Evaluate 4 - 3 - (6 - 5) - 2.
-2
What is (-4 + 7 - 4) + -1 + -5?
-7
What is (7 - 21) + (5 - -3)?
-6
Evaluate 4 + (-5 - -3) - (5 - 3).
0
Calculate 3 + -3 + 0 + 3.
3
Calculate -4 - -5 - (2 + -4 + -2).
5
What is 4 - 0 - (-3 + 0 + 4)?
3
What is 3 + -8 - -5 - -5?
5
Evaluate 4 + 6 + -11 - (6 + -2).
-5
9 - -1 - (6 + -2)
6
Calculate (-16 + 7 - -3) + -1 + 7.
0
What is the value of (0 - (-4 - -11) - -3) + 1?
-3
Evaluate 0 + -1 - (5 - 7).
1
Calculate -7 + 14 + -3 + 4 + -7.
1
Evaluate 1 + -6 + 5 + (-2 - 0).
-2
What is the value of 0 + 5 - (5 + 0)?
0
7 + 3 + (-1 - (1 - -4))
4
6 - (5 + (-3 - -3))
1
What is the value of -1 - (1 - -1) - -1?
-2
What is the value of 0 - (-7 + 3) - (-3 + 1)?
6
What is -18 + 8 - (-25 + 8)?
7
Evaluate -4 - (1 + -5) - 1.
-1
What is the value of 5 + -1 + 3 + (-14 - -12)?
5
What is the value of (25 - 27) + (1 - 3)?
-4
-7 + 10 + (-1 - 1)
1
What is -3 + (8 - 7) - -1?
-1
Calculate 4 - (-1 + (4 - (-4 - -2))).
-1
What is (7 - -1) + (-14 - -10) + -5?
-1
Calculate (4 - 5) + -1 + (1 - -3).
2
What is -3 + (14 - (5 - -2))?
4
Calculate 15 + (-3 - 2 - 2).
8
Evaluate 5 + (-7 - 0) + (8 - 4).
2
What is the value of (7 - 1) + -188 + 177?
-5
Evaluate -1 + 1 + (-1 - (-2 - -4)).
-3
Evaluate 9 - 1 - 4 - 3.
1
What is the value of -39 - -27 - (-9 + 1)?
-4
What is the value of -6 + 11 - (0 + 3)?
2
Evaluate (5 - 6) + (-3 - (4 - 3)).
-5
What is (-4 - -9 - 18 - -4) + 2?
-7
Evaluate ((-3 - 0) + 4 - -1) + -4.
-2
Evaluate (-1 - 6) + (-3 + -7 - -17).
0
Calculate (-3 + 0 - -7) + -2.
2
What is 6 + -6 - (3 - -3)?
-6
Evaluate (-2 - -9) + -3 + 0 + 0.
4
Evaluate -4 + -6 + -8 + 24.
6
What is the value of 17 + -16 + 2 + 0?
3
Evaluate (-20 - (1 - 7)) + 10.
-4
Calculate -4 + 4 + -3 - -5.
2
Evaluate (-13 - -3 - -3) + 4.
-3
-3 - 5 - (-11 + 8)
-5
Evaluate (2 - (3 + 0) - -1) + -4.
-4
What is the value of 1 + (-1 - -1 - 4)?
-3
17 - 21 - (1 + 0 - 2)
-3
What is (-8 + 7 - -5) + -1?
3
What is the value of -1 + (-14 - (-24 + 4))?
5
What i